he units digit of x?
6
Let s(o) = o**2 + 4*o + 5. Let t(q) = q**3 + 13*q**2 + 12*q - 7. Let w be t(-12). What is the tens digit of s(w)?
2
What is the units digit of (-5)/4 - (-25533)/36?
8
Let b(r) = -7*r**3 + 7*r**2 + 2 + 0 + 6*r**3 + 0. Let x be b(7). Suppose 0*a = -x*a + 22. What is the tens digit of a?
1
Let u be (15/(-6))/(3/(-6)). Suppose 4*c + c = -u. What is the units digit of (c + 0)*(2 - 11)?
9
Let a(m) = -m**3 + 5*m**2 - 3*m + 5. Let h(x) = 2*x + 16 - 6*x + 5*x. Let k be h(-12). What is the units digit of a(k)?
9
Suppose 3*t - 318 = 114. Suppose 7*o = -5*r + 3*o + 365, -2*r - 2*o = -t. What is the units digit of r?
7
Suppose -9*v = -7*v - 754. Suppose v = 5*a + 4*c, -4*c = -c - 9. What is the units digit of a?
3
Let q = -8 - -33. Let c = q - 23. Suppose -c*z = -20 + 6. What is the units digit of z?
7
Suppose -5*s - 3*f = -3106, 8*s - 2470 = 4*s + 5*f. What is the units digit of s?
0
Let r(s) be the third derivative of 0*s**3 - 1/8*s**4 + 4*s**2 + 0 + 0*s. What is the units digit of r(-10)?
0
Suppose -3*q - 218 = -2*n + 4*n, 0 = 4*q + 4*n + 296. Let v = 17 - q. What is the units digit of v?
7
Let k(m) = -m**3 - 8*m**2 + 10*m + 13. Let d be k(-9). Suppose 0 = d*p - 72 + 12. What is the tens digit of p/(-20) + 525/12?
4
Suppose -2*q + 423 - 129 = 0. Let i = q - -98. What is the hundreds digit of i?
2
Suppose 33500 = 15*d - 41380. What is the units digit of d?
2
Suppose 12*t - 16*t = 0. Suppose t*c - 12 = -2*c. Let y(b) = 5*b - 19. What is the units digit of y(c)?
1
Let v(a) = 95*a + 8. Let w be v(4). Suppose 0 = -5*r - 78 + w. What is the units digit of r?
2
Let r = 18 + -14. Suppose 0 = -9*m + r*m + 325. What is the units digit of m?
5
Suppose -3 + 0 = -3*y. Let i(l) = 3*l**3 - l**2 + 0*l**3 + 3*l**2 - l + 2*l**3. What is the units digit of i(y)?
6
Let m(u) be the first derivative of u**3 - 7*u**2/2 - 12*u - 2. Let d be m(9). Suppose d = 10*j - 6*j. What is the tens digit of j?
4
Suppose 19*b = 12*b + 1113. Suppose 4*q = w - 133, -3*q = -w + b - 29. What is the hundreds digit of w?
1
Let g = -22 - -31. Suppose g*p - 226 = 8*p. What is the tens digit of (-1)/7 - p/(-14)?
1
Let k = -895 + 1275. What is the units digit of k?
0
Suppose -5*i + 8*i - 108 = 0. What is the units digit of (-28)/4*i/(-28)?
9
Let z = 2406 + -1635. What is the hundreds digit of z?
7
Suppose -8 = g + 4*t - 18, -4*g - 3*t + 14 = 0. Let n be 201 + g/3*3. Suppose -2*v = -9*v + n. What is the tens digit of v?
2
Let c = 0 + -20. Let k be 2/6 - 268/(-6). Let s = k + c. What is the units digit of s?
5
Suppose m = -2*t - 4*m + 95, -3*t + 5*m + 205 = 0. What is the tens digit of t - 1 - (3 + 0)?
5
What is the tens digit of (-2 - 21)/((-1)/3)?
6
Suppose -r = -4*r - 21. Let w(g) = -g - 6. Let j be w(r). Let c = j - -2. What is the units digit of c?
3
Let t = 11 + -9. Suppose -t*p - 2*p = 0. Suppose 0 = -p*y - 2*y + 40. What is the units digit of y?
0
Let n(x) = -2*x**3 - 18*x**2 + 36*x + 17. What is the thousands digit of n(-15)?
2
Let j(v) = 3*v**2 - 5*v - 4. Let a(w) = 5*w**2 - 10*w - 9. Let o(t) = -4*a(t) + 7*j(t). What is the units digit of o(-4)?
4
Suppose -19*j = 15*j - 28084. What is the hundreds digit of j?
8
Let b(n) = -6*n - 5. Let j be b(-11). Let q = j - 43. Suppose -o = -13 - q. What is the units digit of o?
1
Suppose 6*c - 664 + 208 = 0. Suppose 5*r - 119 = -2*l, -l + 2*r + c = -r. What is the tens digit of l?
6
Let d(v) = v**2 - 1. Let c be d(-1). Suppose 4*w = 12 - c, -3*w - 323 = -2*a. What is the hundreds digit of a?
1
Let u be -8*(-30)/28*7. Suppose 0*g + g = u. What is the tens digit of g?
6
Let l = -24 - -21. What is the units digit of ((-1)/l)/(-1*4/(-228))?
9
Let i(t) = -2*t**2 - 3*t**2 - t**3 + 0*t**3 + 11 - 6*t**2. Let a be (-8)/(-4)*(0 - 1) + -9. What is the units digit of i(a)?
1
Let c be 4/18 + 228/(-54). Let z be -2 - (33 - c/4). What is the tens digit of (8/6)/((-3)/z)?
1
Let q be 3 - -1 - 2 - 3. Let m be (-3 - -2)*q*-5. Let t = m + 46. What is the units digit of t?
1
What is the hundreds digit of 1196 - (64/8 + -7)?
1
Let w be 243/6*8/3. Suppose -g = 5*f + 10 - 52, -4*f = -3*g + 69. Suppose -w = -5*i + g. What is the units digit of i?
7
Let g(u) = 71*u - 509. What is the tens digit of g(34)?
0
Suppose 47*l = 37770 - 4306. What is the hundreds digit of l?
7
What is the thousands digit of 2310618/1780 - 1/10?
1
Suppose -2*z = -4*j + 2270, -6*z + 1138 = 2*j - 4*z. What is the hundreds digit of j?
5
Suppose -2*y + 21 = y. Let g be (-8)/8*(y + -1). What is the units digit of ((-45)/g)/(6/12)?
5
Let t(h) = h**3 - 15*h**2 + 17. Suppose -3*b = -j + 6*j - 19, -5*b = j - 17. Suppose -b*p + 18 = -27. What is the tens digit of t(p)?
1
Let q be (-11 + 12)/(2/6). Suppose -q*r + 112 = -137. What is the units digit of r?
3
Let a(g) = 98*g**2 + g + 6. Let v(q) = -98*q**2 - 2*q - 7. Let u(n) = 4*a(n) + 3*v(n). What is the units digit of u(1)?
9
Suppose -5*k - 4*n + 105 = 0, -2*n - 34 - 51 = -3*k. What is the units digit of k?
5
Let a(s) = -s**3 + 8*s**2 - 2*s. Let o be a(7). Suppose o - 106 = -r - 4*f, -f = 3*r - 158. What is the tens digit of r?
5
What is the units digit of 8404/(-66)*(-6)/4?
1
Suppose -2*m - 3*m = 0. Let i(l) = -l**2 + 2*l - 35. Let t(r) = 2*r**2 - 3*r + 36. Let x(n) = -3*i(n) - 2*t(n). What is the tens digit of x(m)?
3
What is the hundreds digit of (-10)/(-45) + (-11318)/(-18)?
6
What is the hundreds digit of ((-304)/(-12))/(-19) + 21090/9?
3
Suppose 2*t = k - 1023, 0 = 5*k + 3*t + 411 - 5539. What is the hundreds digit of k?
0
What is the units digit of 3*1/(-12) - (-5439)/12?
3
Let a = 7 - -1. What is the hundreds digit of 263 - 4/a*-2?
2
What is the hundreds digit of (2/4)/(5 + (-116934)/23388)?
9
Suppose -9*y = -1097 - 10. What is the tens digit of y?
2
Let l(z) = -4*z**2 + z**3 - 4 - 9*z + 15*z - 13*z. Let r be l(6). Suppose -29 = -2*w - 3*u, 4*w - 4*u - 134 = -r. What is the units digit of w?
2
Let f(r) = -37*r + 24. Let h be f(-7). Let g = 487 - h. What is the tens digit of g?
0
Suppose 0 = o + 2*o - 5*g + 14, -4*o - 2*g = 10. Let c(x) = -x**3 + 2*x**2 - 2*x + 4. What is the tens digit of c(o)?
5
Let o(c) = -4*c + 1 - 15 - 11 - 1. What is the tens digit of o(-11)?
1
What is the hundreds digit of 2513 + (-20)/(-30)*9?
5
Let y(r) = 79*r**3 + 2*r**2 - 27*r + 88. What is the thousands digit of y(3)?
2
Suppose 4*o = -4*y + 4884, 5*o + 12*y - 6075 = 13*y. What is the hundreds digit of o?
2
Suppose -2 + 11 = r. What is the units digit of (4/(-12) - -1)*r?
6
Let p be 0 - -5 - 8/(-2). Let j = -6 + p. Suppose -j*n - 3*x + 153 = -0*x, 0 = 4*n - 5*x - 222. What is the units digit of n?
3
Suppose k + 22 = 4*x, 3 + 2 = -2*k - 5*x. Let b be (108/30)/((-4)/k). Let i = 11 - b. What is the units digit of i?
2
Suppose 10 = -5*a + 4*v - v, 10 = -5*a + 4*v. Let c be a + -8*(-2)/4. Suppose 0 = c*y - 0*y - 5*k - 54, 4*k = -3*y + 81. What is the units digit of y?
7
Suppose -r = -3*r - 5*a + 2993, -4*r + 5926 = -2*a. What is the tens digit of r?
8
Let q(d) = -5*d + 24. Let v be q(3). Suppose 332 = v*y - 5*y. What is the tens digit of y?
8
Let x(o) = -o**2 + 6*o + 2. Let m be x(6). Suppose 3 = -3*n, -2*i - n + 119 = m*i. Suppose 2*r - i = 12. What is the tens digit of r?
2
Let c be (1/(-2))/((-6)/504). Let u = -11 + c. Suppose -2*l - u = -5*r, -r - 2*l = -l - 9. What is the units digit of r?
7
What is the tens digit of (1196/(-10))/(6/(-15))?
9
Suppose 1288 - 3618 = -5*s. What is the tens digit of s?
6
Let k be (-94)/14 - 4/14. Suppose -24 - 6 = -3*z. Let t = z - k. What is the tens digit of t?
1
Let h(s) be the first derivative of -4 + s**4 - 1/3*s**3 - 1/2*s**2 + s. What is the units digit of h(1)?
3
Let b(f) = -f**3 - 15*f**2 - 16*f - 23. Let w be b(-14). Suppose -w*t = 2*m + 20 - 220, 5*t - 175 = 3*m. What is the tens digit of t?
3
Let f be 16*17*(-7)/(-14). Let c = -94 + f. What is the units digit of c?
2
Let p be 72/(-27)*3/(-2). What is the units digit of (p/(-20))/((-2)/1570)?
7
Suppose 22 = -3*w + 67. Let f = 52 - w. Let k = f + -11. What is the tens digit of k?
2
Suppose 0 = z - 2*z - 5. Let m(u) = -2*u - 5. Let l be m(z). Suppose s + 3*n = 12 + 11, l*s - 2*n - 30 = 0. What is the units digit of s?
8
Let f = -166 - -558. What is the tens digit of f?
9
Suppose -5*g - 232 = -12. Suppose s + 78 = 5. Let q = g - s. What is the tens digit of q?
2
Let